et s(p) = -p**2 - 4*p - 2. Let f be s(-4). Let u be (4/(-1) - f) + -3. List the prime factors of -1 - -2 - (u + 4).
2
Let p(l) be the third derivative of 0 - 1/6*l**4 + 0*l - l**3 - 3*l**2. What are the prime factors of p(-4)?
2, 5
Suppose -2*x = -3*x + 19. Let s = x - 10. Suppose 4*n - 2*k - 54 = -0*k, 0 = -3*k - s. List the prime factors of n.
2, 3
Let k(o) be the second derivative of -o**5/20 - o**4/12 + o**3/6 - 22*o**2 + 2*o. Let c be k(0). Let a = -25 - c. List the prime factors of a.
19
Suppose -a + 54 = 5*v, v + 0*v - 46 = -a. Suppose 3*j - j - a = 0. What are the prime factors of j?
2, 11
Let h be (-2)/9 - 20/(-9). Suppose 0*c + 2*l - 4 = -c, h*l = 4*c - 16. Let r = c - 2. List the prime factors of r.
2
Let l be 4/18 + (-532)/(-36). Suppose l = 4*m - 49. Suppose -2*p - m = -6*p. List the prime factors of p.
2
Suppose m - 89 + 33 = 0. Suppose -3*c - m = -2*b + c, -5*b = -c - 104. List the prime factors of b.
2, 5
Let b = -14 + 17. What are the prime factors of b?
3
Suppose -2*u - 12 = -5*u, 5*u + 4 = 4*y. List the prime factors of (16/y)/((-22)/(-33)).
2
Let u(x) = -11*x**2 - 3*x + 1 - 3*x**3 - 5 + 2*x**3 - 8. List the prime factors of u(-11).
3, 7
Let o = -54 + 89. What are the prime factors of o?
5, 7
Let f be (24/15)/(4/30). What are the prime factors of (f - -1) + (-3)/1?
2, 5
Let s(x) = x**2 - 2*x - 6. Let y be s(4). Suppose 46 = y*k - 4*f, 4*f - 69 = -3*k + 2*f. What are the prime factors of k?
23
Let r(c) = -13*c**3 + c. Let v be r(1). List the prime factors of (-3)/18 - 146/v.
2, 3
Let z = -3 + 9. Suppose 2*i + 2*p = 0, 6*p - 3*p = -z. Suppose i*d - 26 + 6 = 0. List the prime factors of d.
2, 5
Let r(w) = 33*w + 2. List the prime factors of r(1).
5, 7
Let c be (14/6)/(3/(-9)). Let q = 71 + c. Suppose 2*m + 3*m - q = -4*k, 5*k - 63 = -2*m. What are the prime factors of k?
11
Let h = 73 - 51. List the prime factors of h.
2, 11
Suppose 0 = g - 31 - 25. List the prime factors of g.
2, 7
Suppose -r - 5*g + 14 = 0, -r + 2*g = 4*g - 20. What are the prime factors of r?
2, 3
Suppose -p + 12 = 2*p. Suppose p*n + 1 + 7 = 0, -3*n + 119 = 5*v. Suppose 0 = 3*c + 2*t - 3*t - v, -5*t = -c - 1. List the prime factors of c.
3
Let c = 54 - 3. Let n = c + -29. What are the prime factors of n?
2, 11
Suppose 8 + 0 = 4*p. Suppose -5*s - 3*r + 43 = -6, p*r = -s + 14. List the prime factors of s.
2
Let j be (2 + 0 - 3) + 6. Suppose 70 = 4*o + o - j*l, 3*o - l = 42. What are the prime factors of o?
2, 7
Let s(y) = -5*y - y**2 - 2 - 3 - y - y. Let g be s(-6). What are the prime factors of 1 + (-1 - -2)/g?
2
Suppose -3*y - 7 + 43 = 0. Let w be 4/(y/411) - -1. What are the prime factors of (-1)/2 - w/(-12)?
11
Let u = -2 - -36. Suppose 0 = h - 5*l - 0*l - u, 3*h = 5*l + 122. Suppose h = 2*v + 4*r + 10, 0 = 2*v + 2*r - 24. List the prime factors of v.
7
Suppose 0 = -6*w + w. Let s be (-1)/(-5) + 120/25. Suppose -4*g + 4*l + 52 = w, -s - 23 = -g - 2*l. What are the prime factors of g?
2, 3
Suppose q - 3*q + 64 = 4*w, q - w - 35 = 0. Suppose -4*c + q = 2*p - 12, -4*p + 56 = -c. Suppose -5*o + p = -0*o. List the prime factors of o.
3
What are the prime factors of 93/1*(-13)/(-39)?
31
Let h(u) = -u + 4. Let d be h(4). Suppose d = 5*j - 5*a, a = 5*j - a + 12. What are the prime factors of (46/j)/(4/(-8))?
23
Let w(h) = -24*h + 77. What are the prime factors of w(-9)?
293
Let t = -70 + 122. Suppose 0 = -5*f + f + t. Let p = f + -9. What are the prime factors of p?
2
Suppose -2*z = -4*x + 6*x - 8, 0 = -3*x + 4*z - 16. Suppose -2*c = 4*t - x*c - 44, -2*t = -c - 18. Suppose r - t = -4*r. List the prime factors of r.
2
Suppose h = -4*h. Suppose h*y + 3*y = 6. List the prime factors of y.
2
Let z(c) = -8*c + 3*c**2 + 6 - 3 + 4 - 2. List the prime factors of z(5).
2, 5
Let v = -7 - 6. Let j = v - -15. List the prime factors of j.
2
Let v = 276 - 139. List the prime factors of v.
137
Let w = -30 + 74. Let v = 73 - w. List the prime factors of v.
29
Let m(i) = -i**3 - i + 15. Suppose 2*s - 9 + 1 = 0. Suppose -w - 2*q = -4, s*w = -w - 4*q + 8. List the prime factors of m(w).
3, 5
Suppose 0 = -4*w + 2*w + 4. What are the prime factors of ((-9)/6)/(w/(-44))?
3, 11
Let l be (13 + -10)/(3/2). Let b be 140/18 - (-6)/27. Suppose s + b = 3*o, 0*o - 2*s - 8 = -l*o. What are the prime factors of o?
2
Let d(y) = y**3 + 21*y**2 - 13*y - 7. List the prime factors of d(-21).
2, 7, 19
Let q = 95 + 96. What are the prime factors of q?
191
Suppose 0 = -5*s - 0*s + 10. What are the prime factors of 7 + (s - 9/3)?
2, 3
Suppose -2*d = -4 - 2. Suppose 0*j = d*j - 24. What are the prime factors of j?
2
Suppose -19 = -4*r + 5. Let h(g) = -g + 6. Let c be h(r). Suppose -3*p - 15 = c, 2*z - 3*p - 22 - 17 = 0. List the prime factors of z.
2, 3
Suppose 4*g - 168 = -4*f, -3*g + 6 = -g. List the prime factors of f.
3, 13
Let n(s) = s**2 + 4*s + 3. Let w be (-136)/(-22) - (-8)/(-44). Let u be 8/w*(3 + -6). What are the prime factors of n(u)?
3
Let n(q) = q**2 - 4*q - 1. Let f be n(5). Let m(h) = h**2 + 7*h - 5. What are the prime factors of m(f)?
3, 13
Let l(d) = -d**2 + 3*d. Let k be l(3). Suppose 2*x + h - 27 = -0, -2*x + 4*h + 32 = k. What are the prime factors of x?
2, 7
Let c(s) = s + 7. What are the prime factors of c(8)?
3, 5
Let v(l) = -l**3 + 8*l**2 + 3*l - 3. What are the prime factors of v(7)?
67
Let r = 405 - 284. Suppose 0 = -5*h + r - 26. Suppose 0 = o - 4*w - 25, -h = -5*o + 3*w + 38. List the prime factors of o.
3
Suppose -r + w = -3*w - 1, 3 = 3*r - 5*w. Let c = 1 + r. Let d(u) = 3*u**2 - 2*u - 2. List the prime factors of d(c).
2, 3
Suppose 5*k = -4*p - 3 - 178, 222 = -5*p - 2*k. Let f be (p/10)/(1/(-5)). Suppose -2*g - 5*d + 13 = -f, 5*g + d - 30 = 0. What are the prime factors of g?
5
Let a = 1 - -2. Suppose o + a = 2*d, 2*d + 5*o - 9 = 6*d. Suppose -2*k - 1 = d*t + k, 3*t - 3*k = 15. List the prime factors of t.
2
Let o = -40 - -56. Let k = -10 + o. List the prime factors of k.
2, 3
Let x = 4 + 2. Suppose -2*b + x*b + 16 = 0. List the prime factors of ((-70)/b)/5*4.
2, 7
Let i(c) = 4*c - 9. List the prime factors of i(12).
3, 13
Suppose -2*i + k + 268 = 3*k, 2*i + 3*k - 268 = 0. What are the prime factors of i?
2, 67
Let f(a) = -a + 2. Let s be f(5). Let j = s - -4. Let b = j - -4. List the prime factors of b.
5
Let d(q) = -q**3 + 8*q**2 + 5*q + 4. List the prime factors of d(6).
2, 53
Suppose j = h - 63, 3*j = 2*h - h - 69. List the prime factors of h.
2, 3, 5
Let m(h) = -h**3 + 2*h**2 - 2*h. Let i be m(2). Let v be 2/i + (-35)/(-10). Let x(q) = q**2 - 3*q + 2. What are the prime factors of x(v)?
2
Suppose 133 = q + f, f - 692 = -5*q + 5*f. Suppose -m - 5*c = -15, c - q = -4*m - 0*m. What are the prime factors of m?
5, 7
Let f = -5 - -7. Let g be -2 + f + 1 + 5. Suppose -5*p + g = -2*p. What are the prime factors of p?
2
Suppose 0 = 2*d + 2, 3*d = 2*q - 2*d - 33. Let a = q + 1. What are the prime factors of a?
3, 5
Let l = -17 + 14. What are the prime factors of 21 - (l + 3 + -3)?
2, 3
Let v be 6/((-3)/6 + -1). Let x(l) = 2*l - 5. Let m be x(v). Let s = -9 - m. What are the prime factors of s?
2
Let m = 48 + 17. Suppose -172 = -5*v - 3*l, -2*v + 2*l + m = 7*l. What are the prime factors of v?
5, 7
Let i(s) = -s - 7. Let b be i(-9). Suppose 5*o - 12 = 3*o - 2*c, b*o = c + 12. List the prime factors of o.
2, 3
Suppose 76 - 4 = 2*q. List the prime factors of q.
2, 3
Let i(o) = o + 10. Let h be i(-10). Suppose h = -u + 3 + 2. Suppose 5*t - 3*l - l = 40, -u*t - 4*l + 40 = 0. List the prime factors of t.
2
Let k(p) = -p - 2*p**2 + 3*p**2 - 6 + 10*p - 2*p**2. What are the prime factors of k(6)?
2, 3
Suppose 42 = 3*q - 90. Let h = -9 + 13. Suppose 0 = h*x + 4, -q - 16 = -5*u + 5*x. List the prime factors of u.
11
Suppose -3*u + 38 = 14. Let z = u + 13. List the prime factors of z.
3, 7
Let i = -32 - -32. Suppose -85 = -4*r + 47. Suppose 4*p + 28 = 5*v, 3*v + 4*p - 3 - r = i. List the prime factors of v.
2
Suppose 6 = 2*t + r + 51, -3*t + 5*r - 61 = 0. Let c be -5*(84/10)/3. Let z = c - t. List the prime factors of z.
2
Let x = 13 - 0. Let v = -3 + x. List the prime factors of v.
2, 5
Suppose k + 207 = 4*k. List the prime factors of k.
3, 23
Suppose -5*v + 5*s = -950, 4*s + 214 = 5*v - 736. List the prime factors of v.
2, 5, 19
Let c(r) = -2*r**3 - 4*r**2 + r + 7. Let v(p) = 3*p**3